*2 + 10*f. Give x(-3).
-4
Let t(x) = 35 + 32 + 12*x**2 - 105 + 37. Determine t(-1).
11
Let j(d) = d**3 - 3*d**2 + 8*d - 2. Let u(v) = -v**2 + v - 1. Let w(k) = -j(k) + 6*u(k). What is w(-3)?
2
Let o(x) be the third derivative of -x**6/120 + x**5/60 - x**4/24 - x**3/3 + 2*x**2. Let w(r) = -2*r - 9. Let v be w(-6). Let i = 3 - v. Calculate o(i).
-2
Let t be (-36)/(-15) - 9/(-15). Suppose -w + t*w = 24. Suppose o + 4*d - d = 11, 4*o = 4*d + w. Let c(b) = -b**2 + 6*b - 1. Determine c(o).
4
Let b(l) = -l**2 - 13*l - 7. Let f be b(-12). Let k(c) = -c - 5*c - c**2 + 4 + 2*c**2. Determine k(f).
-1
Let i = -3 + 4. Let y(u) = -34*u**2 - 5*u**3 + 0 + 0 + 35*u**2. Determine y(i).
-4
Let b(u) = 3*u + 3. Let z(g) = 4*g + 2. Let f(r) = -2*b(r) + 3*z(r). Let q = -2 - -6. Let t = 5 - q. Give f(t).
6
Let u(v) be the third derivative of v**6/15 - v**4/12 + v**3/6 + 2*v**2. Let o be 15/(-6) - (-3)/(-6). Let r be 2/o*(-9)/6. Give u(r).
7
Let l(g) = -g**2 + 2*g. Let k = -4 + 4. Let y = k + -1. Let s(f) = -2*f**3 + f. Let a be s(y). Give l(a).
1
Let n(u) be the third derivative of u**5/60 + 3*u**4/8 + u**3 + u**2 - 25. Determine n(-9).
6
Let t(l) = 4*l - 1 - 2 - 1. Let b(v) = v - 4. Let c be b(7). What is t(c)?
8
Let q(s) = -s**2 + 7*s - 6. Let d = -6 - -8. Let c(r) = r**2 - 2 + 0 - 7*r + 7 + d. Let g(j) = -3*c(j) - 4*q(j). Give g(5).
-7
Let q be (-280)/42*(6/5 + 0). Let b(n) = n**2 + 7*n - 1. Calculate b(q).
7
Let w = 6 + -2. Suppose -24 = 5*y - 4*b, y - w*y - 13 = -b. Let t(f) = 9*f**2 + f - 1. Let a(d) = 5*d**2 - 1. Let i(o) = 7*a(o) - 4*t(o). What is i(y)?
-3
Let n(s) be the second derivative of -9*s**5/20 + s**3/6 - s**2/2 - 8*s. Let c = 1 + 0. Determine n(c).
-9
Let l = -4 - -8. Let q(p) = p - 5. Calculate q(l).
-1
Let o(h) be the first derivative of h**4/4 + 4*h**3/3 - h**2/2 - 5*h - 30. Let k(m) = -m**3 + 4*m**2 - 4*m - 1. Let l be k(3). Give o(l).
-1
Suppose -4*s + 3*s = -2. Let w(g) be the third derivative of -g**6/60 + g**5/20 - g**4/12 - g**3/6 - 7*g**2. What is w(s)?
-9
Let j be (-12)/9*3/(-2). Let d(o) = 5*o. Let t(r) = 26*r - 1. Suppose 0 = 3*n - 0*n + 33. Let l(x) = n*d(x) + 2*t(x). What is l(j)?
-8
Let z = -15 - -26. Let i be (-2)/(-8) + z/4. Suppose i*s = -s + 16. Let r(x) = x**3 - 5*x**2 + 5*x - 3. Give r(s).
1
Let i(a) = -a**3 - 6*a**2 + 8*a + 5. Suppose 3 = 4*b + 31. Give i(b).
-2
Let h be (-1)/3*-2*6. Let p(x) be the first derivative of x**4/4 - 5*x**3/3 + 2*x**2 - 3*x + 7. What is p(h)?
-3
Let n(a) = a**2 + 3*a - 3. Let q be n(-3). Let m(v) = v**3 + 2*v**2 + 2. Calculate m(q).
-7
Let d(b) = -3*b**3 + 7*b**2 + 5. Let m(v) = 8*v**3 - 20*v**2 - 14. Let n(s) = 11*d(s) + 4*m(s). Let w be n(-2). Let u(k) = -2*k - 4. What is u(w)?
6
Let c(n) be the third derivative of -n**8/10080 + n**6/720 + n**5/30 + 4*n**2. Let o(x) be the third derivative of c(x). Calculate o(-2).
-7
Let b(j) = j**3 + 4*j**2 + j. Let w(z) = -z**3 - 8*z**2 - 6*z + 4. Let r be w(-7). Let v be (30/9)/5*r. Calculate b(v).
6
Let h(g) = -2*g - 1. Let w be h(1). Let l(y) = -2 + 4 - 4 - 4*y + 2*y. Calculate l(w).
4
Let n = -1 + 3. Let x(q) = -3 - 7*q - 8*q**2 + n + 9*q. Determine x(1).
-7
Let s(k) be the third derivative of -k**4/24 + k**3/6 + k**2. Calculate s(1).
0
Let b(f) = 20*f - 5. Let w(d) = -7*d + 2. Let v(s) = -6*b(s) - 17*w(s). Suppose h + 0 - 5 = t, 0 = -5*h - 5. Calculate v(t).
2
Let w(m) = -m**2 + 3*m + 4. Let u = -15 + 27. Suppose u = 5*f - 3. Suppose -5*z - 2*h = -23, -6 = -f*z - 3*h + 6. Determine w(z).
-6
Let z(x) be the first derivative of x**5/120 + 7*x**4/24 - 2*x**3/3 + 3. Let r(m) be the third derivative of z(m). Determine r(-5).
2
Let c(s) = 2*s - 1. Suppose -h + 4 = 3. Determine c(h).
1
Let t(r) = r**3 - r**2 - r - 4. Let y(w) = w**3 + 11*w**2 + 9*w - 10. Let d be -1 + 0 - 9/1. Let p be y(d). Give t(p).
-4
Let a(b) = -6*b + 1. Let n be (-7)/2*(-4)/7 + 1. Give a(n).
-17
Suppose 3*m - 4 = m. Suppose 0 = 4*w - 2*w - 4, -2*g = 3*w - 14. Let i(t) = -m + 4*t + t**2 - g + 0*t**2 - 1. Give i(-5).
-2
Let q(n) = -n**2 - 9*n - 14. Let h be q(-8). Let r(l) = 3*l - 7. Give r(h).
-25
Let o(q) = q + 3. Suppose 0*s + 8 = 4*s + u, 2*s + 4*u + 10 = 0. Suppose -j - c - 7 = 0, -s*j = j + 3*c + 25. Give o(j).
-1
Let d(g) = -6*g**2 - 5*g + 9. Let w(v) = -5*v**2 - 4*v + 9. Let x(y) = 4*d(y) - 5*w(y). Give x(0).
-9
Suppose 42 = 4*k + 22. Let g(c) = -c**2 + 7*c - 5. Calculate g(k).
5
Let a(i) be the third derivative of -i**4/24 - i**3/3 + 3*i**2. Calculate a(-2).
0
Let n(x) = -x**2 - 8*x. Let c be n(-8). Let b(g) = -g**2 + g + 15. Determine b(c).
15
Let p(b) be the third derivative of -b**5/60 - b**4/6 + 2*b**3/3 + b**2. Let d be 1/(-6) + (-65)/6. Let s = 7 + d. What is p(s)?
4
Let d(s) be the third derivative of s**6/120 + s**5/15 - s**4/24 - 2*s**3/3 + s**2. Suppose 6*n + 15 = n. Give d(n).
8
Let j(x) = x**2 - 5. Let w be (24 - -2) + 0 + -1. Suppose -5*l - w = -10*l. Suppose 0 = 5*v + 15, l*v + 3 = -4*z + 4*v. Give j(z).
-5
Let f(o) = o**3 - o**2 - o. Let z(i) = 6*i**3 - 10*i**2 - 3*i - 1. Let u(n) = 5*f(n) - z(n). Suppose 1 - 21 = -5*j. Determine u(j).
9
Let q(j) = 3 - 2 - 6*j + 2*j**2 - j**2. Determine q(6).
1
Let o(d) be the first derivative of d**3/3 + 5*d**2/2 - 3*d - 13. What is o(-6)?
3
Let q(t) = -3*t**3 + 3*t + 1 - 3*t**2 + t**3 + t**3. Suppose -4*v - 4 - 16 = 4*r, -5*v - 3*r = 23. Determine q(v).
5
Suppose -4*u = -0 - 20. Let l(y) = y**2 - 4*y - 7. What is l(u)?
-2
Suppose -3*w + 3*g = -51, -2*g - 79 = -5*w + g. Let o = 14 - w. Let l(p) = p + 6. Calculate l(o).
6
Let l(y) be the third derivative of y**5/30 - y**4/6 + 2*y**3/3 - 8*y**2. Let a be -2*3*1/(-2). Give l(a).
10
Let m(q) = q**3 - 2*q**2 - 5*q - 2. Let p(b) = -3*b**3 + 6*b**2 + 16*b + 6. Let k(h) = 7*m(h) + 2*p(h). Calculate k(3).
-2
Let m(u) = -u**2 + 9*u + 4. Suppose 3*s = 5*y - 30, 2*s + 5 + 3 = 2*y. Let z be m(y). Let p(q) = -q + z*q + 1 - q. Determine p(1).
3
Let h = -49 + 45. Let p(v) = -v**2 - 3*v - 4. Determine p(h).
-8
Let h(v) = -v**2 + v + 11. Let l be 2/(-10) - 3/(-15). Let p be -1*(1 - l)*0. Give h(p).
11
Let b(m) be the third derivative of -m**6/720 - m**5/12 - m**4/12 + 2*m**2. Let p(z) be the second derivative of b(z). Calculate p(-5).
-5
Let t(q) = -4*q**2 - q - 1. Let m(w) = -w**2 + 5*w - 3. Let r be m(4). Suppose 0 = -z - 4*x - r, x = 3*x. Determine t(z).
-4
Let c(j) = j**3 + j**2 - j. Let l be c(1). Let k(b) = -10*b**3 - 2*b + 1. Give k(l).
-11
Suppose 0 = -2*w + 3*w. Let f(m) = -7 - 4*m - 1 + 5*m + w. Let v(r) = r + 4. Let u be v(0). Give f(u).
-4
Let j = -5 + 10. Suppose 3*q = 2*m + 2*m - 3, 3*m - 24 = -j*q. Let l(b) = b**2 - b - 1. What is l(m)?
5
Let b(d) = -d**3 + d + 2. Suppose -3*j + 26 = -5*h, -3*j + 2*h = 2*j - 18. Calculate b(j).
-4
Let j(t) be the first derivative of -2*t**3/3 + 3*t**2/2 - 1. Let n = -60 - -62. Determine j(n).
-2
Suppose f = 0, -2*f + 12 = 6*q - 2*q. Let t(p) = 2*p**3 - 3*p**2 - 3*p - 3. What is t(q)?
15
Let o(g) = 2*g + 2. Let z = 6 + -3. Suppose -2*c - 2*c + 3*a + 20 = 0, 2*a + 2 = -z*c. Let w be 21/(-12) - c/8. Determine o(w).
-2
Let j(c) = -c**2 - c - 1. Let s(l) = 2*l**2 + 5*l + 4. Let g(q) = 4*j(q) + s(q). What is g(3)?
-15
Let b(k) = 3*k - 3. Let y(c) = -c - 3. Let h(j) = 3*j - j + 7 + j. Let v(z) = 2*h(z) + 5*y(z). Let p(x) = -b(x) + 4*v(x). Determine p(-1).
-2
Suppose -4*t - 5*n = 34, 3*t = -0*t + 2*n - 14. Let s(r) = r**3 + 5*r**2 - 8*r - 5. What is s(t)?
7
Let t(g) = -2*g**3 - 5 + g**3 - 30*g**2 + 36*g**2. Let m = 1 + 5. Let o = 0 + m. Give t(o).
-5
Let u(o) = 4*o + 3. Let h be u(-2). Let v(x) be the first derivative of 4 - 6*x - 5/3*x**3 - 1/2*x**2 - 1/4*x**4. Calculate v(h).
-1
Let d(h) = -6*h. Let j = -42 + 41. Calculate d(j).
6
Let v(i) be the second derivative of i**4/12 + i**3/6 - i**2 + i. Let s(f) = -f**2 - 8*f - 4. Let h be s(-6). Let r be 1/(-3) + h/(-3). Give v(r).
4
Let w(p) = 2*p + 0*p - 3*p**2 + 3*p - p**3 - 2*p. Calculate w(-3).
-9
Let y(c) = 7*c - 8. Let z(l) = -3*l + 4. Let x(t) = 4*y(t) + 9*z(t). Give x(-2).
2
Let r be (-3 - (3 + -4))*2. Let h(m) = -m**2 - 3*m - 5. Give h(r).
-9
Let d(o) be the second derivative of 1/20*o**5 - 5/2*o**2 + 0 - 6*o - 1/2*o**4 + 2/3*o**3. Determine d(5).
-10
Let y(u) = -15*u + 4*u**2 + 15*u - u**3 - 3*u**2 + 13. Give y(0).
13
Let g(v) = v**3 - 6*v**2 + 4*v - 3. Let c(h) be the third derivative of -h**6/120 + 